4/22 + 6/33. Suppose -3*i = -3*q - a, i + 18 = -5*q + 5*i. Let j be 14/3 + 4/q. Calculate the greatest common divisor of j and 12.
4
Let f(i) = i**3 + 13*i**2 + 14*i - 12. Let x be f(-12). Let r = 146 + -102. Let u be (-6)/27 - r/x. What is the highest common factor of u and 2?
1
Let y = 6 + -4. Suppose -y*i = -5*m + 2385, 0*m - i = 3*m - 1442. Suppose 4*c - m = -n, 5*c - 345 = 2*c + 4*n. What is the greatest common divisor of c and 17?
17
Let g = 157 - 94. What is the highest common factor of g and 9?
9
Let v(d) = d**3 + 7*d**2 - 3*d + 7. Let g be v(-5). Let r be -2 + (g - -1) + -3. Calculate the greatest common factor of 17 and r.
17
Let i be 4/3*(-2 - -29). What is the greatest common factor of i and 90?
18
Let f(z) = 101*z - 1. Let q be f(1). What is the greatest common divisor of q and 20?
20
Suppose 4 = 3*x - 2. Let b be (0 + x)/(2/(-90)). Let o be b/(-4) + 1/(-2). Calculate the highest common divisor of 55 and o.
11
Suppose -3 = -2*y - 1. Suppose -2*f + 4 = 2*x, -5*x - 4*f = y - 13. Let c be 289/x - 6/24. What is the greatest common divisor of 8 and c?
8
Let g = 28 + -12. Calculate the highest common factor of g and 4.
4
Suppose -p + 12 = k, -4*k = -p + 16 - 64. What is the greatest common factor of 156 and k?
12
Suppose 4*s + 3*i = 4*i + 106, 0 = -5*s + 4*i + 127. What is the highest common divisor of 3 and s?
3
Let n be (-126)/(-15) - (-4)/(-10). Let w = -60 - -190. Suppose 0 = 2*a + 2*r - r - 75, 0 = -3*a + 2*r + w. What is the highest common divisor of n and a?
8
Suppose 13*x + 1 = 12*x. Let g be x/(-2)*(-72)/(-3). Calculate the greatest common factor of g and 30.
6
Let f(c) = 2*c + 5. Let w be f(-9). Let y be 2 - 4/1 - w. What is the greatest common divisor of 121 and y?
11
Suppose -3*t + 9 = -15. Suppose 5*s = 7*s - 16. Let c be (-2)/s + (-66)/(-8). Calculate the highest common factor of t and c.
8
Suppose 6*m - 360 = -0*m. What is the greatest common divisor of m and 15?
15
Let q(n) = -22*n - 1. Let r be q(-1). Suppose 11 + r = -2*k. Let o = -2 - k. Calculate the highest common factor of 98 and o.
14
Suppose 2*g = 5*g - 12. Calculate the greatest common factor of g and 16.
4
Suppose 3*z = 7 + 17. Let f be (1 + (-6)/(-4))*z. Suppose f = 3*g - 7. Calculate the greatest common divisor of g and 99.
9
Suppose 5*g - 150 = -h - 2*h, -h + 4*g + 67 = 0. Calculate the highest common factor of 5 and h.
5
Suppose 2*c - 3*k - 8 = 3*c, -5*k = -2*c + 28. Suppose c*a - 63 = a. What is the greatest common divisor of 21 and a?
21
Suppose -4*o + 3*o - 5*l + 13 = 0, -5*o + 180 = 2*l. Let a = 60 - o. Calculate the highest common factor of a and 33.
11
Let l(s) = -3*s - 24. Let q be l(-9). What is the highest common factor of q and 27?
3
Let z(a) = a**3 + 6*a**2 + 4*a - 5. Let y be z(-4). Suppose -81 = -5*u - 26. What is the highest common divisor of u and y?
11
Suppose -8*j = 8*j - 1472. What is the highest common factor of 69 and j?
23
Let q = -25 - -41. Suppose 6*y + 10 = 298. Calculate the highest common divisor of y and q.
16
Suppose -27 = -5*f + 4*f. Let x = f + -3. What is the highest common divisor of 3 and x?
3
Let w = 3 - -37. Suppose -12 = b + 4*d + d, 2*d + w = 4*b. Let s = 14 + -2. What is the highest common divisor of s and b?
4
Let x be (-6)/(-1) + -3 - 3. Suppose x = 4*d - 61 + 5. Let q = -6 + d. Calculate the highest common divisor of 72 and q.
8
Let q = 4 + 5. Suppose -4*b = -895 - 645. Suppose 4*k + 97 - b = 0. Calculate the greatest common divisor of q and k.
9
Let v = -10 + 21. What is the greatest common factor of 99 and v?
11
Let i be (-8)/10*(-90)/4. Let b(a) = a**3 + 3*a**2 - 3*a - 3. Let k be b(-3). What is the greatest common factor of i and k?
6
Suppose -b + 26 = 5*k, -3*b + 18 = 5*k - 20. Let s be ((-2)/4)/(2/(-4)). Let q be (s - -1)*(-30)/(-4). What is the greatest common factor of b and q?
3
Suppose -k + 13 = 7. Suppose 0 = -4*x - 2*a + 216, 0 = 2*a - 4*a. What is the greatest common factor of k and x?
6
Suppose 0 = j - 3*n - 12, -4*j + 12 = -3*j + 3*n. Let m be 36/(-3 + 7)*1. Let g be (m/(-6))/((-2)/144). What is the greatest common divisor of j and g?
12
Let u = 8 - -3. Let g be (-3)/12 + 89/4. Calculate the highest common factor of g and u.
11
Suppose 5*n - 3*s - 57 = 0, 3*n + 49 = 8*n - s. Suppose 57 = 3*h - 132. Calculate the greatest common divisor of h and n.
9
Let c(m) = 5*m**2 + m. Let x be c(4). What is the highest common factor of 12 and x?
12
Let h(d) = d**3 - 5*d**2 - 3*d - 5. Let b be h(5). Let w = 29 + b. What is the greatest common factor of 72 and w?
9
Suppose -7 = 3*n - 13. Calculate the greatest common factor of 16 and n.
2
Let l = 19 - 8. Let i(s) = -39*s + 4. Suppose -w + 4*q - 15 = 0, -4*w - 2*q - 7 = -1. Let z be i(w). Calculate the highest common divisor of l and z.
11
Suppose 2*x - 3*k = -0*x + 25, -4*x - 3*k = -59. Let v be -2 + (8 - -1) - 0. What is the greatest common factor of v and x?
7
Suppose 10*j - 8*j = -o + 71, 0 = -3*j + o + 99. What is the highest common factor of 170 and j?
34
Let r = 79 + -19. Calculate the greatest common factor of 15 and r.
15
Let w be 1/(717/357 + -2). Suppose 3*p = -5*o + w, -2*o + 2*p + p = -35. What is the greatest common divisor of 55 and o?
11
Let l be 10 + -6 + (-1)/(-1). Calculate the highest common factor of l and 40.
5
Let c = 74 - 44. Suppose 47 = 3*n - 13. Calculate the greatest common factor of n and c.
10
Let h(d) = 3*d**3 - 4*d**2 - 2*d - 4. Let k be h(-3). Let g be k/(-3) - (-10)/15. Suppose -37 - 93 = -5*v. What is the greatest common divisor of v and g?
13
Suppose 0*d + 78 = 5*d + 4*n, 0 = 4*d - 2*n - 78. Let g be ((-1)/(-3))/(2/d). What is the greatest common factor of 33 and g?
3
Let c = 9 - 1. Let m be 285/4 - 2/c. Suppose 5*w + 3*x - m = 4*w, w - 2*x = 46. What is the greatest common factor of 7 and w?
7
Suppose -3*y + z = -49, -2*z - 16 = 2*z. What is the greatest common factor of y and 1?
1
Let s be (-2)/(-4) - (-90)/(-12). Let n(q) = q**2 + 4*q - 9. Let c be n(s). What is the greatest common factor of 8 and c?
4
Suppose -6*w - 156 = -8*w. What is the greatest common factor of w and 195?
39
Let v = 5 - -1. Let z(k) = k**3 - 9*k**2 - k + 12. Let q be z(9). What is the greatest common factor of q and v?
3
Suppose 2*j - 93 = -2*j + 5*n, -n = -j + 22. Calculate the greatest common divisor of j and 187.
17
Suppose -3*l - 89 = -f, 0 = 2*l - 4*l + f - 60. Let b = l + 49. Suppose b = -a + 5*a. Calculate the greatest common factor of 5 and a.
5
Suppose -5*k + 27 = 7. What is the greatest common factor of k and 36?
4
Let c be 7/(-2)*48/(-28). Let z be 21/c + 1/2. Calculate the highest common divisor of 10 and z.
2
Let k be 62/4 + (-39)/(-26). Let w be (-3)/(2 - 5) - -16. Calculate the highest common divisor of k and w.
17
Let j = -5 + 7. Suppose -j*l - 22 - 14 = 0. Let x = 99 + l. Calculate the highest common factor of 9 and x.
9
Let s(n) = -n**2 + 7*n + 1. Let z be s(7). Suppose -3*i + 2*i = -5. What is the highest common factor of i and z?
1
Let m(h) = h**2 - h - 2. Let y be m(-2). Suppose y*s = -0*s - 12. Let b = 6 + s. Calculate the greatest common factor of 18 and b.
3
Suppose 2*k = -3*k + 75. Calculate the greatest common factor of k and 3.
3
Let a be 32*(-7)/(-28)*(2 - 0). Calculate the highest common divisor of 48 and a.
16
Let b(v) = -3*v**3 + 2*v + 2. Let q be (2/2)/(5/(-15)). Let x be b(q). Calculate the highest common factor of 11 and x.
11
Suppose 8*d + 72 = 4*d. Let s be (d/8)/((-5)/40). What is the highest common factor of 9 and s?
9
Let v = 5 - 5. Suppose -2*m + v*m + 12 = 0. What is the highest common divisor of m and 30?
6
Let r = 23 - 2. What is the greatest common divisor of 21 and r?
21
Suppose -4*z + 9*z = 25. Suppose z*b = 101 + 339. Let v be ((-18)/(-45))/(1/20). What is the greatest common factor of v and b?
8
Let r be (2/3)/(2/84). Calculate the greatest common divisor of 224 and r.
28
Suppose 0 = 4*w + b - 13, 5*w - b = -0*w + 14. Let x(u) = -20*u - 4. Let m be x(-2). Suppose -h + m = w*h. What is the highest common factor of h and 99?
9
Suppose 234 - 12 = 3*h - 3*a, 4*h + 3*a = 268. What is the highest common divisor of h and 10?
10
Let m = 7 - 4. Suppose -m*d = -6*d - 15, 0 = w + 2*d + 25. Let b = w - -26. Calculate the highest common factor of b and 11.
11
Suppose -2*b = -3*b + 1. What is the greatest common factor 